{"id":23,"date":"2014-10-24T02:12:28","date_gmt":"2014-10-24T02:12:28","guid":{"rendered":"http:\/\/gadlasnieves.gob.ec\/azuay\/?page_id=23"},"modified":"2024-02-03T20:08:42","modified_gmt":"2024-02-04T00:08:42","slug":"contactenos","status":"publish","type":"page","link":"https:\/\/gadlasnieves.gob.ec\/azuay\/contactenos\/","title":{"rendered":"Cont\u00e1ctenos"},"content":{"rendered":"<div class='content-column one_half'><form method=\"post\" id=\"cntctfrm_contact_form\" class=\"cntctfrm_contact_form cntctfrm_one_column cntctfrm_ltr cntctfrm_width_default\" action=\"\/azuay\/wp-json\/wp\/v2\/pages\/23#cntctfrm_contact_form\" enctype=\"multipart\/form-data\"><div id=\"cntctfrm_first_column\" class=\"cntctfrm_column\"><div class=\"cntctfrm_field_wrap cntctfrm_field_name_wrap\"namecontact><div class=\"cntctfrm_label cntctfrm_label_name\">\n\t\t\t\t\t\t\t\t\t<label for=\"cntctfrm_contact_name\">Nombre: <span class=\"required\">*<\/span><\/label><\/div><div class=\"cntctfrm_input cntctfrm_input_name\">\n\t\t\t\t\t\t\t\t\t<input namecontact class=\"text\" type=\"text\" size=\"40\" pattern=\"^([\\p{L}\\p{M}]{2,}(\\s)*(\\p{L}+\\p{M}*-*){1,})|([\\p{L}\\p{M}]{3,})\" title=\"Please enter only letters at least 3 characters, words seperated by spaces\" value=\"\" name=\"cntctfrm_contact_name\" id=\"cntctfrm_contact_name\" \/><\/div><\/div><div class=\"cntctfrm_field_wrap cntctfrm_field_email_wrap\"email><div class=\"cntctfrm_label cntctfrm_label_email\">\n\t\t\t\t\t\t\t\t\t<label for=\"cntctfrm_contact_email\">Direcci\u00f3n de correo electr\u00f3nico: <span class=\"required\">*<\/span><\/label>\n\t\t\t\t\t\t\t\t<\/div><div class=\"cntctfrm_input cntctfrm_input_email\">\n\t\t\t\t\t\t\t\t\t<input email class=\"text\" type=\"email\" size=\"40\" value=\"\" name=\"cntctfrm_contact_email\" id=\"cntctfrm_contact_email\" \/><\/div><\/div><div class=\"cntctfrm_field_wrap cntctfrm_field_subject_wrap\"subject><div class=\"cntctfrm_label cntctfrm_label_subject\">\n\t\t\t\t\t\t\t\t\t<label for=\"cntctfrm_contact_subject\">Asunto: <span class=\"required\">*<\/span><\/label>\n\t\t\t\t\t\t\t\t<\/div><div class=\"cntctfrm_input cntctfrm_input_subject\">\n\t\t\t\t\t\t\t\t<input subject pattern=\"^([\\p{M}\\p{L}]{1,}(\\s\\p{M}*\\p{L}+-*)*){3,}\" title=\"Please enter only letters at least 3 characters, words seperated by spaces\" class=\"text\" type=\"text\" size=\"40\" value=\"\" name=\"cntctfrm_contact_subject\" id=\"cntctfrm_contact_subject\" \/><\/div><\/div><div class=\"cntctfrm_field_wrap cntctfrm_field_message_wrap\"message><div class=\"cntctfrm_label cntctfrm_label_message\">\n\t\t\t\t\t\t\t\t<label for=\"cntctfrm_contact_message\">Mensaje: <span class=\"required\">*<\/span><\/label>\n\t\t\t\t\t\t\t<\/div><div class=\"cntctfrm_input cntctfrm_input_message\">\n\t\t\t\t\t\t\t\t<textarea message rows=\"5\" cols=\"30\"name=\"cntctfrm_contact_message\" id=\"cntctfrm_contact_message\"><\/textarea><\/div><\/div><\/div><div class=\"clear\"><\/div><div class=\"cntctfrm_submit_wrap\"><div id=\"cntctfrm_submit_first_column\" class=\"cntctfrm_column\"><div class=\"cntctfrm_input cntctfrm_input_submit\"><input type=\"hidden\" value=\"send\" name=\"cntctfrm_contact_action\">\n\t\t\t\t\t\t\t<input type=\"hidden\" value=\"default\" name=\"cntctfrm_language\">\n\t\t\t\t\t\t\t<input type=\"hidden\" value=\"1\" name=\"cntctfrm_form_submited\">\n\t\t\t\t\t\t\t<input type=\"hidden\" value=\"cntctfrm_options\" name=\"cntctfrm_options_name\">\n\t\t\t\t\t\t\t<input type=\"submit\" value=\"Enviar\" class=\"cntctfrm_contact_submit\" id=\"1\" \/>\n\t\t\t\t\t\t<\/div><\/div><div id=\"cntctfrm_submit_second_column\" class=\"cntctfrm_column\"><\/div><div class=\"clear\"><\/div>\n\t\t\t<\/div>\n\t\t\t<\/form><\/div><div class='content-column one_half last_column'><p><img loading=\"lazy\" decoding=\"async\" class=\"wp-image-1566 aligncenter\" src=\"https:\/\/gadlasnieves.gob.ec\/azuay\/wp-content\/uploads\/2024\/02\/WhatsApp-Image-2024-02-01-at-17.13.58-1-550x550.jpeg\" alt=\"\" width=\"243\" height=\"243\" srcset=\"https:\/\/gadlasnieves.gob.ec\/azuay\/wp-content\/uploads\/2024\/02\/WhatsApp-Image-2024-02-01-at-17.13.58-1-550x550.jpeg 550w, https:\/\/gadlasnieves.gob.ec\/azuay\/wp-content\/uploads\/2024\/02\/WhatsApp-Image-2024-02-01-at-17.13.58-1-1024x1024.jpeg 1024w, https:\/\/gadlasnieves.gob.ec\/azuay\/wp-content\/uploads\/2024\/02\/WhatsApp-Image-2024-02-01-at-17.13.58-1-150x150.jpeg 150w, https:\/\/gadlasnieves.gob.ec\/azuay\/wp-content\/uploads\/2024\/02\/WhatsApp-Image-2024-02-01-at-17.13.58-1-768x768.jpeg 768w, https:\/\/gadlasnieves.gob.ec\/azuay\/wp-content\/uploads\/2024\/02\/WhatsApp-Image-2024-02-01-at-17.13.58-1.jpeg 1280w\" sizes=\"auto, (max-width: 243px) 100vw, 243px\" \/><\/p>\n<p style=\"text-align: center;\"><strong>GOBIERNO AUTONOMO DESCENTRALIZADO PARROQUIAL LAS NIEVES<\/strong><\/p>\n<p style=\"text-align: center;\"><b><strong>Direcci\u00f3n:<\/strong> Plaza Central<br \/>\n<\/b><\/p>\n<p style=\"text-align: center;\"><strong>Telf.:<\/strong>073062410<\/p>\n<p style=\"text-align: center;\"><strong>\u00a0E-mail:<\/strong>\u00a0info@gadlasnieves.gob.ec<\/p>\n<p style=\"text-align: center;\"><strong>Nab\u00f3n &#8211; Azuay &#8211; Ecuador<\/strong><\/p><\/div><div class='clear_column'><\/div>\n","protected":false},"excerpt":{"rendered":"Nombre: * Direcci\u00f3n de correo electr\u00f3nico: * Asunto: * Mensaje: * GOBIERNO AUTONOMO DESCENTRALIZADO PARROQUIAL LAS NIEVES Direcci\u00f3n: Plaza Central Telf.:073062410 \u00a0E-mail:\u00a0info@gadlasnieves.gob.ec Nab\u00f3n - Azuay - Ecuador","protected":false},"author":8,"featured_media":0,"parent":0,"menu_order":0,"comment_status":"closed","ping_status":"open","template":"","meta":{"footnotes":""},"yst_prominent_words":[],"class_list":["post-23","page","type-page","status-publish","hentry"],"_links":{"self":[{"href":"https:\/\/gadlasnieves.gob.ec\/azuay\/wp-json\/wp\/v2\/pages\/23","targetHints":{"allow":["GET"]}}],"collection":[{"href":"https:\/\/gadlasnieves.gob.ec\/azuay\/wp-json\/wp\/v2\/pages"}],"about":[{"href":"https:\/\/gadlasnieves.gob.ec\/azuay\/wp-json\/wp\/v2\/types\/page"}],"author":[{"embeddable":true,"href":"https:\/\/gadlasnieves.gob.ec\/azuay\/wp-json\/wp\/v2\/users\/8"}],"replies":[{"embeddable":true,"href":"https:\/\/gadlasnieves.gob.ec\/azuay\/wp-json\/wp\/v2\/comments?post=23"}],"version-history":[{"count":16,"href":"https:\/\/gadlasnieves.gob.ec\/azuay\/wp-json\/wp\/v2\/pages\/23\/revisions"}],"predecessor-version":[{"id":1567,"href":"https:\/\/gadlasnieves.gob.ec\/azuay\/wp-json\/wp\/v2\/pages\/23\/revisions\/1567"}],"wp:attachment":[{"href":"https:\/\/gadlasnieves.gob.ec\/azuay\/wp-json\/wp\/v2\/media?parent=23"}],"wp:term":[{"taxonomy":"yst_prominent_words","embeddable":true,"href":"https:\/\/gadlasnieves.gob.ec\/azuay\/wp-json\/wp\/v2\/yst_prominent_words?post=23"}],"curies":[{"name":"wp","href":"https:\/\/api.w.org\/{rel}","templated":true}]}}